r?
False
Is 3415947991 a prime number?
False
Is 66258977251 a composite number?
True
Is 821575957 composite?
False
Is 91240549763 composite?
True
Is 716433911 prime?
True
Is 3477956633 prime?
True
Is 8705380759 a prime number?
True
Is 691165681 a prime number?
True
Is 23672782079 prime?
True
Is 3019908277 composite?
False
Is 1963281641 prime?
False
Is 3664804711 composite?
False
Is 980925289 a prime number?
True
Is 55343380331 prime?
True
Is 1279124237 prime?
True
Is 42351787573 prime?
True
Is 1036804479 composite?
True
Is 2249815733 composite?
True
Is 1347460559 a prime number?
False
Is 29630187701 prime?
True
Is 1233214271 prime?
False
Is 2721308267 prime?
False
Is 1515884317 prime?
False
Is 4495917247 composite?
False
Is 150998581 prime?
True
Is 1580112113 composite?
True
Is 6964920593 prime?
True
Is 3621349601 composite?
True
Is 630683399 composite?
False
Is 672579359 a prime number?
False
Is 17632208843 prime?
False
Is 463021919 a composite number?
False
Is 16217171569 prime?
False
Is 659543107 a prime number?
False
Is 13482281 a composite number?
True
Is 16048646113 a composite number?
True
Is 567242987 a prime number?
False
Is 7746336251 composite?
False
Is 3170852689 a prime number?
False
Is 4609967111 a prime number?
False
Is 3970254727 composite?
True
Is 16206693779 prime?
True
Is 500291399 a prime number?
True
Is 207250273 a composite number?
False
Is 20731416989 a composite number?
True
Is 6743933839 a prime number?
True
Is 13339679839 prime?
True
Is 1164866893 prime?
False
Is 848742173 a prime number?
True
Is 5019410321 a prime number?
True
Is 860377759 composite?
False
Is 5264858363 composite?
False
Is 15567239519 composite?
True
Is 1709802673 composite?
False
Is 518504905 a prime number?
False
Is 12766009037 composite?
True
Is 177301304123 prime?
True
Is 142106942377 composite?
False
Is 1545551069 a composite number?
True
Is 11857783151 a prime number?
True
Is 5719435457 a composite number?
True
Is 1913608597 composite?
False
Is 3066454463 prime?
True
Is 234308999 a prime number?
False
Is 865465439 a prime number?
True
Is 18866073957 a composite number?
True
Is 14538833 composite?
True
Is 54548563211 a composite number?
False
Is 61270696607 prime?
True
Is 480313111 a prime number?
False
Is 262786379 a composite number?
False
Is 144211185107 composite?
True
Is 41879447 a composite number?
False
Is 1104977 a composite number?
True
Is 72484679087 a prime number?
True
Is 39702548247 composite?
True
Is 13869800191 a prime number?
False
Is 2778865503 composite?
True
Is 3800495227 composite?
True
Is 105830651959 composite?
False
Is 26795339647 a composite number?
False
Is 95866380817 composite?
False
Is 1041633251 composite?
False
Is 4574460353 a prime number?
True
Is 157963489 composite?
True
Is 19808897705 a prime number?
False
Is 4096760263 prime?
True
Is 4390758335 prime?
False
Is 3191872769 a prime number?
False
Is 6001300661 composite?
False
Is 5761858715 a prime number?
False
Is 930042283 a composite number?
True
Is 92694469781 a prime number?
True
Is 5937826897 composite?
False
Is 190167301 prime?
False
Is 165752539 composite?
True
Is 19929973559 prime?
True
Is 2080252847 a prime number?
False
Is 31922709383 a prime number?
False
Is 622965113 composite?
False
Is 137962204059 composite?
True
Is 515325079 prime?
False
Is 3532823783 prime?
True
Is 15416609627 prime?
False
Is 14420159029 a composite number?
False
Is 884199739 composite?
False
Is 48181714643 composite?
False
Is 585525041 a prime number?
True
Is 943680299 a prime number?
True
Is 421892563 a prime number?
True
Is 27665493607 a composite number?
False
Is 19236630701 composite?
False
Is 194561967709 a prime number?
True
Is 20282986741 a composite number?
False
Is 3109731283 prime?
False
Is 8363121191 a prime number?
True
Is 121034326379 composite?
True
Is 249505004849 prime?
True
Is 2009327882 a prime number?
False
Is 1321209083 prime?
True
Is 974828089 prime?
True
Is 959860673 a composite number?
False
Is 258263773 prime?
True
Is 1074882541 a prime number?
False
Is 11844644401 a prime number?
True
Is 287123453 composite?
False
Is 27139470041 a prime number?
True
Is 1889117173 prime?
False
Is 207552727 composite?
True
Is 5088850037 a prime number?
True
Is 14726293709 composite?
False
Is 9020621173 a prime number?
False
Is 271316239 a prime number?
True
Is 240370217 composite?
True
Is 402963629 a prime number?
False
Is 92683991 prime?
False
Is 63377933 a composite number?
False
Is 491642507 composite?
True
Is 16727756153 prime?
True
Is 3096600459 prime?
False
Is 42500449 prime?
False
Is 10616167817 composite?
True
Is 20586661 prime?
True
Is 9308985407 composite?
False
Is 455831113 a composite number?
False
Is 62772345463 prime?
True
Is 1255710245 a prime number?
False
Is 5059429519 prime?
False
Is 52628933351 prime?
False
Is 3528460343 composite?
True
Is 109723173953 composite?
False
Is 5821968371 a prime number?
True
Is 592324261 prime?
True
Is 28983389261 composite?
False
Is 12326294459 a composite number?
False
Is 36999517811 prime?
True
Is 364106879 a prime number?
True
Is 6045752887 a composite number?
False
Is 9315728137 a composite number?
False
Is 107203678741 a prime number?
True
Is 256826455 a prime number?
False
Is 242524873193 prime?
True
Is 19301591609 a prime number?
False
Is 534650971 a prime number?
False
Is 1367354063 prime?
True
Is 761015057 a composite number?
True
Is 88736909 a composite number?
False
Is 1596558059 a composite number?
False
Is 905235077 a prime number?
True
Is 448014382 prime?
False
Is 400317 a prime number?
False
Is 10527571549 composite?
True
Is 5283979931 composite?
False
Is 3935198257 prime?
True
Is 191753902 prime?
False
Is 142233601733 a prime number?
False
Is 8698548611 a composite number?
True
Is 602084489 composite?
False
Is 1293019919 prime?
True
Is 428053753 a composite number?
True
Is 6337073846 a prime number?
False
Is 47366218327 a prime number?
True
Is 93684174641 composite?
False
Is 537831451 composite?
True
Is 5139142963 a composite number?
False
Is 57518551 composite?
True
Is 477694043 a composite number?
False
Is 758316355 prime?
False
Is 35744246311 a composite number?
True
Is 14385585667 a composite number?
True
Is 406962043 composite?
False
Is 4600446271 prime?
False
Is 11052337493 prime?
True
Is 72913464227 a prime number?
True
Is 5759877443 prime?
False
Is 5894111 a composite number?
True
Is 910567249 a composite number?
False
Is 1563493973 composite?
True
Is 108023941709 composite?
False
Is 3410055109 a composite number?
True
Is 51101330677 prime?
False
Is 430716523 a composite number?
False
Is 253287227 a prime number?
True
Is 598583021 prime?
False
Is 1802554097 composite?
False
Is 236108833 a prime number?
True
Is 939032333 composite?
False
Is 124085351761 prime?
False
Is 170072303987 a composite number?
True
Is 20301456841 a composite number?
True
Is 6161123147 prime?
True
Is 4333648861 prime?
False
Is 34198573873 prime?
True
Is 64227752803 composite?
True
Is 126545023153 prime?
False
Is 124368728749 a prime number?
False
Is 1622614297 a composite number?
False
Is 214693474 composite?
True
Is 7509797927 a composite number?
True
Is 6404697229 composite?
True
Is 17354997019 prime?
True
Is 2419638029 a composite number?
False
Is 152452199 a composite number?
True
Is 8774787029 a composite number?
False
Is 292671733 composite?
False
Is 70627465999 a composite number?
True
Is 2242427839 prime?
False
Is 632035104889 a composite number?
False
Is 35232893 a composite number?
True
Is 19262429983 composite?
False
Is 2942768611 a composite number?
False
Is 65216611651 a prime number?
True
Is 8557244483 a composite number?
True
Is 16798377599 composite?
False
Is 4487946181 composite?
True
Is 29993791 prime?
False
Is 1066333693 a composite number?
False
Is 1881954821 prime?
True
Is 38997941 composite?
False
Is 57724396153 composite?
True
Is 5599182437 a composite number?
False
Is 3287752729 a composite number?
True
Is 6049950377 a prime number?
True
Is 3170260993 composite?
True
Is 6568157489 composite?
False
Is 11802599563 prime?
True
Is 25119246233 a prime number?
True
Is 111021359729 composite?
True
Is 2943287926 composite?
True
Is 206582353 composite?
True
Is 6966471377 composite?
False
Is 668448817 prime?
Tru